7
Calculate the remainder when 32503 is divided by 18.
13
What is the remainder when 95834 is divided by 70?
4
Calculate the remainder when 13833 is divided by 51.
12
What is the remainder when 3603 is divided by 183?
126
What is the remainder when 726560 is divided by 4?
0
What is the remainder when 62115 is divided by 31052?
11
What is the remainder when 18124 is divided by 3?
1
What is the remainder when 3900 is divided by 115?
105
What is the remainder when 33007 is divided by 685?
127
What is the remainder when 6983 is divided by 578?
47
What is the remainder when 16736 is divided by 507?
5
Calculate the remainder when 3508 is divided by 2475.
1033
What is the remainder when 52170 is divided by 52167?
3
What is the remainder when 624 is divided by 407?
217
Calculate the remainder when 1210 is divided by 905.
305
Calculate the remainder when 66967 is divided by 11.
10
What is the remainder when 20217 is divided by 518?
15
Calculate the remainder when 24375 is divided by 11.
10
What is the remainder when 800307 is divided by 618?
615
What is the remainder when 874877 is divided by 129?
128
Calculate the remainder when 1256 is divided by 71.
49
Calculate the remainder when 32746 is divided by 938.
854
Calculate the remainder when 1105267 is divided by 184210.
7
Calculate the remainder when 658620 is divided by 397.
394
Calculate the remainder when 5018 is divided by 385.
13
What is the remainder when 5336 is divided by 2634?
68
Calculate the remainder when 58337 is divided by 750.
587
Calculate the remainder when 384067 is divided by 64009.
13
What is the remainder when 5316 is divided by 765?
726
What is the remainder when 19329 is divided by 36?
33
What is the remainder when 1340499 is divided by 875?
874
Calculate the remainder when 19750 is divided by 158.
0
Calculate the remainder when 215528 is divided by 99.
5
What is the remainder when 13410 is divided by 17?
14
What is the remainder when 21986 is divided by 540?
386
What is the remainder when 245280 is divided by 5332?
8
What is the remainder when 21903 is divided by 4332?
243
What is the remainder when 2417 is divided by 154?
107
Calculate the remainder when 4917 is divided by 4490.
427
Calculate the remainder when 9166 is divided by 946.
652
What is the remainder when 1622 is divided by 56?
54
What is the remainder when 6131 is divided by 56?
27
What is the remainder when 7368 is divided by 7358?
10
What is the remainder when 2564 is divided by 2007?
557
What is the remainder when 1945920 is divided by 313?
312
Calculate the remainder when 6994 is divided by 391.
347
Calculate the remainder when 252963 is divided by 205.
198
Calculate the remainder when 9606 is divided by 301.
275
Calculate the remainder when 2876 is divided by 488.
436
Calculate the remainder when 9926 is divided by 3275.
101
Calculate the remainder when 311109 is divided by 103677.
78
Calculate the remainder when 4067 is divided by 70.
7
What is the remainder when 14732 is divided by 14691?
41
Calculate the remainder when 11531 is divided by 1417.
195
Calculate the remainder when 12774 is divided by 82.
64
What is the remainder when 189403 is divided by 1353?
1336
Calculate the remainder when 2664 is divided by 84.
60
Calculate the remainder when 12494 is divided by 11115.
1379
Calculate the remainder when 379118 is divided by 68.
18
What is the remainder when 300390 is divided by 115?
10
Calculate the remainder when 10064 is divided by 2.
0
Calculate the remainder when 9421 is divided by 3047.
280
Calculate the remainder when 10514 is divided by 90.
74
What is the remainder when 2523 is divided by 16?
11
Calculate the remainder when 8000 is divided by 644.
272
What is the remainder when 246840 is divided by 139?
115
What is the remainder when 756086 is divided by 18?
14
Calculate the remainder when 4673 is divided by 510.
83
What is the remainder when 1223035 is divided by 192?
187
Calculate the remainder when 3794 is divided by 946.
10
What is the remainder when 13379 is divided by 1046?
827
Calculate the remainder when 28588 is divided by 379.
163
Calculate the remainder when 15526 is divided by 178.
40
Calculate the remainder when 12740 is divided by 4244.
8
Calculate the remainder when 46964 is divided by 505.
504
Calculate the remainder when 774 is divided by 68.
26
What is the remainder when 8870 is divided by 553?
22
Calculate the remainder when 18589 is divided by 83.
80
What is the remainder when 14696 is divided by 223?
201
What is the remainder when 27300 is divided by 6825?
0
What is the remainder when 25302 is divided by 3604?
74
Calculate the remainder when 739 is divided by 441.
298
Calculate the remainder when 3675 is divided by 236.
135
What is the remainder when 620943 is divided by 18?
15
What is the remainder when 42430 is divided by 136?
134
What is the remainder when 4674 is divided by 676?
618
What is the remainder when 11976 is divided by 3898?
282
Calculate the remainder when 50291 is divided by 25139.
13
What is the remainder when 10792 is divided by 553?
285
Calculate the remainder when 38835 is divided by 5544.
27
What is the remainder when 1087 is divided by 58?
43
What is the remainder when 49122 is divided by 8?
2
Calculate the remainder when 15811 is divided by 701.
389
Calculate the remainder when 999 is divided by 127.
110
Calculate the remainder when 813 is divided by 54.
3
Calculate the remainder when 15542 is divided by 15473.
69
Calculate the remainder when 2678 is divided by 832.
182
Calculate the remainder when 499984 is divided by 62495.
24
Calculate the remainder when 74257 is divided by 136.
1
Calculate the remainder when 2852 is divided by 195.
122
What is the remainder when 513863 is divided by 20554?
13
What is the remainder when 1123 is divided by 222?
13
Calculate the remainder when 408 is divided by 120.
48
Calculate the remainder when 1357685 is divided by 22.
21
Calculate the remainder when 5282 is divided by 75.
32
Calculate the remainder when 20167 is divided by 26.
17
Calculate the remainder when 336499 is divided by 1082.
1079
Calculate the remainder when 5137 is divided by 22.
11
Calculate the remainder when 8787 is divided by 9.
3
What is the remainder when 5808 is divided by 17?
11
What is the remainder when 1089 is divided by 222?
201
Calculate the remainder when 7524 is divided by 1239.
90
What is the remainder when 2277089 is divided by 18?
17
Calculate the remainder when 12255 is divided by 23.
19
What is the remainder when 40139 is divided by 24?
11
Calculate the remainder when 344837 is divided by 1905.
32
What is the remainder when 76048 is divided by 15?
13
Calculate the remainder when 21124 is divided by 4204.
104
What is the remainder when 21774 is divided by 160?
14
What is the remainder when 24306 is divided by 35?
16
Calculate the remainder when 4510 is divided by 341.
77
What is the remainder when 59208 is divided by 417?
411
What is the remainder when 278182 is divided by 1627?
1592
What is the remainder when 33408 is divided by 953?
53
Calculate the remainder when 5032 is divided by 588.
328
Calculate the remainder when 8446 is divided by 7784.
662
Calculate the remainder when 678 is divided by 131.
23
Calculate the remainder when 12829 is divided by 329.
327
Calculate the remainder when 15053 is divided by 9.
5
Calculate the remainder when 2948 is divided by 248.
220
What is the remainder when 529602 is divided by 62?
60
What is the remainder when 173740 is divided by 79?
19
What is the remainder when 1521 is divided by 748?
25
What is the remainder when 11764 is divided by 726?
148
Calculate the remainder when 14667 is divided by 6.
3
What is the remainder when 695 is divided by 8?
7
Calculate the remainder when 64439 is divided by 130.
89
Calculate the remainder when 11670 is divided by 2765.
610
What is the remainder when 19314 is divided by 160?
114
Calculate the remainder when 85453 is divided by 14.
11
What is the remainder when 74798 is divided by 44?
42
Calculate the remainder when 8350 is divided by 465.
445
What is the remainder when 924871 is divided by 1117?
1112
Calculate the remainder when 5803 is divided by 289.
23
What is the remainder when 6581 is divided by 507?
497
What is the remainder when 77058 is divided by 25